e
Is 31221745 composite?
True
Is 496669 a composite number?
False
Is 10414133 a composite number?
False
Is 13998583 composite?
True
Is 291716507 a prime number?
False
Is 6137249 composite?
True
Is 30689 composite?
False
Is 516811 prime?
True
Is 238316993 prime?
True
Is 77551555 prime?
False
Is 239447729 a composite number?
False
Is 215239 composite?
False
Is 512939 a composite number?
True
Is 47523433 prime?
False
Is 649731 a prime number?
False
Is 30869906 prime?
False
Is 1904741 prime?
True
Is 133485533 prime?
False
Is 221256461 a prime number?
True
Is 2462519 composite?
False
Is 11181587 composite?
False
Is 9993593 prime?
False
Is 19865177 composite?
True
Is 1420053 composite?
True
Is 769645 a composite number?
True
Is 36515417 prime?
True
Is 18411923 prime?
False
Is 3144509 a prime number?
True
Is 516340553 a composite number?
False
Is 225686003 prime?
True
Is 4153187 composite?
True
Is 13713629 prime?
True
Is 56779423 prime?
False
Is 1825079 a composite number?
False
Is 2073787 composite?
False
Is 1113713 a prime number?
True
Is 11239595 prime?
False
Is 5282731 prime?
False
Is 16097101 prime?
True
Is 2662601 prime?
True
Is 93137831 prime?
True
Is 12564101 a prime number?
False
Is 1912159 composite?
False
Is 94796069 prime?
True
Is 2143453 composite?
True
Is 415613531 composite?
False
Is 138629107 composite?
False
Is 40848341 a composite number?
True
Is 187596821 a composite number?
True
Is 88883503 a prime number?
True
Is 1174301 a composite number?
False
Is 4548539 prime?
True
Is 23680883 a prime number?
False
Is 17547623 a composite number?
True
Is 1412161 prime?
False
Is 2617717 prime?
True
Is 13445441 composite?
True
Is 11990441 a prime number?
True
Is 6993913 composite?
False
Is 7990037 a composite number?
True
Is 247701733 a composite number?
True
Is 7219867 prime?
False
Is 1419155 composite?
True
Is 69415867 a composite number?
True
Is 41244299 composite?
False
Is 639589 a composite number?
False
Is 1052797 prime?
True
Is 4012447 prime?
False
Is 5178301 a prime number?
True
Is 20502979 composite?
True
Is 940019 a prime number?
True
Is 77188217 prime?
True
Is 2195989 composite?
False
Is 71158681 a composite number?
True
Is 8226013 a prime number?
True
Is 5802151 a composite number?
True
Is 27441619 a composite number?
True
Is 815471 a prime number?
True
Is 8360479 composite?
False
Is 7471523 a composite number?
True
Is 93503261 a prime number?
True
Is 7286269 a prime number?
False
Is 573831877 a composite number?
False
Is 624683 a composite number?
False
Is 38931467 composite?
False
Is 5379499 composite?
False
Is 2543377 a composite number?
True
Is 9501553 prime?
False
Is 30553657 a composite number?
False
Is 468187 a composite number?
False
Is 14952851 composite?
False
Is 195250409 composite?
False
Is 4164697 a composite number?
False
Is 3516593 a composite number?
False
Is 2196641 prime?
True
Is 60682807 a composite number?
True
Is 21120163 a prime number?
True
Is 1389001 a prime number?
True
Is 22814299 prime?
True
Is 1155419 a prime number?
True
Is 1558967 prime?
True
Is 4785581 composite?
False
Is 131357 prime?
True
Is 3930919 a prime number?
True
Is 35852093 composite?
False
Is 1296367 a prime number?
False
Is 4984847 a composite number?
True
Is 20220757 prime?
False
Is 8107633 a composite number?
True
Is 110581 prime?
True
Is 623521 a composite number?
False
Is 12642719 prime?
False
Is 86959553 composite?
False
Is 2499053 composite?
False
Is 8732411 a prime number?
True
Is 1178097983 a prime number?
False
Is 304807 a prime number?
True
Is 8924933 composite?
False
Is 5512691 prime?
True
Is 50503 composite?
False
Is 331343 a composite number?
True
Is 51265967 a prime number?
False
Is 164281537 a composite number?
True
Is 386582011 a composite number?
False
Is 331108493 a composite number?
False
Is 194158255 prime?
False
Is 14994841 composite?
True
Is 598399 a composite number?
False
Is 47800427 a prime number?
True
Is 1487417 composite?
False
Is 12334057 prime?
True
Is 27536291 a composite number?
True
Is 8085323 composite?
True
Is 431086261 a composite number?
False
Is 1306523 a composite number?
True
Is 105564419 a prime number?
False
Is 715661 composite?
True
Is 64541662 composite?
True
Is 207997 a composite number?
False
Is 800809 prime?
False
Is 83206973 composite?
False
Is 34051627 prime?
True
Is 21010883 composite?
False
Is 316590679 prime?
True
Is 940521 a prime number?
False
Is 269033 a composite number?
True
Is 12658859 composite?
True
Is 7717315 a prime number?
False
Is 305398813 a composite number?
False
Is 1710287939 prime?
False
Is 12388933 composite?
True
Is 29596841 prime?
True
Is 2259937 a prime number?
True
Is 4092317 a composite number?
False
Is 9702719 a composite number?
True
Is 623646269 prime?
True
Is 6453647 composite?
False
Is 135878663 a prime number?
False
Is 1244711 a prime number?
False
Is 36418609 prime?
True
Is 2047593 prime?
False
Is 8864329 composite?
False
Is 9876883 a prime number?
True
Is 711570091 prime?
False
Is 5225383 prime?
True
Is 80130251 composite?
False
Is 379863269 prime?
True
Is 11454629 a prime number?
True
Is 3839827 a prime number?
False
Is 1701751 composite?
True
Is 51853863 a composite number?
True
Is 89116033 prime?
True
Is 40523729 a prime number?
False
Is 386450153 a prime number?
True
Is 11497597 a prime number?
True
Is 2038987 a composite number?
True
Is 25481873 composite?
False
Is 55121791 prime?
False
Is 23848109 a prime number?
True
Is 1110253 prime?
False
Is 14314117 composite?
False
Is 13455853 prime?
True
Is 61671187 a composite number?
False
Is 18587973 composite?
True
Is 189009691 a composite number?
True
Is 5463893 prime?
True
Is 115417637 a prime number?
True
Is 11009869 prime?
False
Is 3373837 a composite number?
True
Is 13353377 prime?
True
Is 2722729 a prime number?
True
Is 101286499 a prime number?
True
Is 11779177 prime?
False
Is 1922894 prime?
False
Is 254292791 a composite number?
False
Is 1156097 prime?
True
Is 37011857 a composite number?
False
Is 6909733 composite?
True
Is 2503409 prime?
True
Is 14783518 a prime number?
False
Is 69784481 a prime number?
False
Is 1410319 a composite number?
False
Is 8588387 a composite number?
True
Is 52514353 composite?
False
Is 68107103 a composite number?
False
Is 17770723 a prime number?
True
Is 48964111 a prime number?
False
Is 634007 composite?
True
Is 159468955 composite?
True
Is 579389 a composite number?
True
Is 497009 a composite number?
True
Is 21396481 a prime number?
True
Is 471492601 prime?
False
Is 72376813 a prime number?
True
Is 316205 composite?
True
Is 12886871 composite?
True
Is 399966778 a prime number?
False
Is 6293113 a prime number?
True
Is 9349009 prime?
True
Is 62902487 composite?
True
Is 1753229 a prime number?
True
Is 123367379 a composite number?
False
Is 24345241 prime?
False
Is 621356651 a composite number?
True
Is 5627669 composite?
False
Is 4237747 a composite number?
False
Is 116165191 composite?
False
Is 8284571 prime?
False
Is 641848619 composite?
True
Is 273540391 a composite number?
False
Is 345089 a composite number?
False
Is 53261453 prime?
False
Is 15891779 prime?
True
Is 21836569 composite?
False
Is 202780069 composite?
True
Is 2033193541 prime?
True
Is 104863501 a prime number?
False
Is 140039959 composite?
False
Is 53962393 a composite number?
True
Is 1533257 composite?
True
Is 210505709 prime?
True
Is 5522677 composite?
False
Is 254881643 prime?
True
Is 7599803 composite?
True
Is 11906467 a composite number?
False
Is 6258506 a prime number?
False
Is 264507 a composite number?
True
Is 15804223 a prime number?
True
Is 1131617 prime?
True
Is 10278239 composite?
True
Is 4366627 a prime number?
True
Is 24101309 a prime number?
False
Is 11791457 a composite number?
True
Is 6630409 a prime number?
True
Is 1467733 a prime number?
False
Is 146239453 a composite number?
True
Is 14359487 a prime number?
False
Is 8360473 a composite number?
True
Is 927787 composite?
True
Is 2800047 prime?
False
Is 214336543 composite?
True
Is 4181479 composite?
False
Is 40812539 composite?
False
Is 2015047 a prime number?
True
Is 14953745 a composite number?
True
Is 910747 a composite number?
False
Is 24824123 prime?
False
Is 33734247 a composite number?
True
Is 20465563 a prime number?
True
Is 174